{"id":673,"date":"2018-11-22T11:28:35","date_gmt":"2018-11-22T11:28:35","guid":{"rendered":"https:\/\/seofy.wgl-demo.net\/?page_id=673"},"modified":"2024-06-12T20:29:45","modified_gmt":"2024-06-12T20:29:45","slug":"faq","status":"publish","type":"page","link":"https:\/\/godia360.com\/?page_id=673","title":{"rendered":"FAQ"},"content":{"rendered":"<div class=\"wpb-content-wrapper\">[vc_row z_index=&#8221;2&#8243; add_extended=&#8221;true&#8221; values=&#8221;%5B%7B%22extended_animation%22%3A%22parallax%22%2C%22figure_color%22%3A%22%23ffffff%22%2C%22drop_colors%22%3A%22one_color%22%2C%22part_color%22%3A%22%23ff7e00%22%2C%22part_color_1%22%3A%22%23ff7e00%22%2C%22part_color_2%22%3A%22%233224e9%22%2C%22part_color_3%22%3A%22%2369e9f2%22%2C%22extended_animation_pos_vertical%22%3A%2250%22%2C%22extended_animation_pos_horizont%22%3A%2250%22%2C%22sphere_width%22%3A%22100%22%2C%22particles_number%22%3A%2250%22%2C%22particles_size%22%3A%2210%22%2C%22particles_speed%22%3A%222%22%2C%22hover_anim%22%3A%22grab%22%2C%22image_bg%22%3A%22717%22%2C%22parallax_dir%22%3A%22vertical%22%2C%22parallax_factor%22%3A%220.2%22%2C%22particles_position_top%22%3A%2280%22%2C%22particles_position_left%22%3A%2280%22%2C%22particles_width%22%3A%22100%22%2C%22particles_height%22%3A%22100%22%7D%2C%7B%22extended_animation%22%3A%22parallax%22%2C%22figure_color%22%3A%22%23ffffff%22%2C%22drop_colors%22%3A%22one_color%22%2C%22part_color%22%3A%22%23ff7e00%22%2C%22part_color_1%22%3A%22%23ff7e00%22%2C%22part_color_2%22%3A%22%233224e9%22%2C%22part_color_3%22%3A%22%2369e9f2%22%2C%22extended_animation_pos_vertical%22%3A%2250%22%2C%22extended_animation_pos_horizont%22%3A%2250%22%2C%22sphere_width%22%3A%22100%22%2C%22particles_number%22%3A%2250%22%2C%22particles_size%22%3A%2210%22%2C%22particles_speed%22%3A%222%22%2C%22hover_anim%22%3A%22grab%22%2C%22image_bg%22%3A%22290%22%2C%22parallax_dir%22%3A%22vertical%22%2C%22parallax_factor%22%3A%220.3%22%2C%22particles_position_top%22%3A%22102%22%2C%22particles_position_left%22%3A%2298%22%2C%22particles_width%22%3A%22100%22%2C%22particles_height%22%3A%22100%22%7D%5D&#8221;][vc_column offset=&#8221;vc_col-md-7&#8243;][wgl_double_headings title_color=&#8221;#252525&#8243; subtitle_color=&#8221;#FF7D00&#8243; title=&#8221;Questions les plus populaires&#8221; responsive_font=&#8221;true&#8221; font_size_mobile=&#8221;33&#8243;][wgl_spacing spacer_size=&#8221;21px&#8221;][vc_toggle title=&#8221;1. Comment puis-je commencer avec GoDia ?&#8221; color=&#8221;plus&#8221; size=&#8221;right&#8221; open=&#8221;true&#8221;]R : Pour d\u00e9marrer, contactez-nous via notre site web ou par t\u00e9l\u00e9phone. Nous \u00e9valuerons vos besoins sp\u00e9cifiques et vous proposerons une solution sur mesure pour optimiser votre marketing digital et votre fid\u00e9lisation client.[\/vc_toggle][vc_toggle title=&#8221;2- Est-il possible de suivre la performance des campagnes SMS ?&#8221; color=&#8221;plus&#8221; size=&#8221;right&#8221;]R : Oui, notre solution offre des outils de suivi et d&#8217;analyse pour \u00e9valuer la performance de vos campagnes SMS, permettant des ajustements en temps r\u00e9el pour maximiser leur efficacit\u00e9.[\/vc_toggle][vc_toggle title=&#8221;3- Quels sont les b\u00e9n\u00e9fices de l&#8217;automatisation pour mon entreprise ?&#8221; color=&#8221;plus&#8221; size=&#8221;right&#8221;]R : L&#8217;automatisation am\u00e9liore l&#8217;efficacit\u00e9, r\u00e9duit les erreurs, augmente la pr\u00e9cision, et lib\u00e8re du temps pour votre \u00e9quipe, qui peut se concentrer sur des t\u00e2ches \u00e0 plus forte valeur ajout\u00e9e.[\/vc_toggle][vc_toggle title=&#8221;4- Comment les r\u00e9compenses des jeux concours sont-elles g\u00e9r\u00e9es ?&#8221; color=&#8221;plus&#8221; size=&#8221;right&#8221;]R : Les r\u00e9compenses des jeux concours peuvent \u00eatre consomm\u00e9es en scannant un QR code via t\u00e9l\u00e9phone (interface de validation) ou directement sur le logiciel de caisse, offrant ainsi une exp\u00e9rience fluide et int\u00e9gr\u00e9e.[\/vc_toggle][vc_toggle title=&#8221;5- Puis-je personnaliser les campagnes SMS selon les segments de clients ?&#8221; color=&#8221;plus&#8221; size=&#8221;right&#8221;]R : Oui, vous pouvez cr\u00e9er des campagnes SMS personnalis\u00e9es pour chaque segment de clients, en tenant compte de leurs int\u00e9r\u00eats et comportements sp\u00e9cifiques.[\/vc_toggle][vc_toggle title=&#8221;6- Comment fonctionne l&#8217;automatisation des campagnes SMS ?&#8221; color=&#8221;plus&#8221; size=&#8221;right&#8221;]R : Nos campagnes SMS automatis\u00e9es permettent de segmenter les clients, personnaliser les messages et envoyer des SMS en fonction des comportements des clients, ce qui optimise l&#8217;engagement et l&#8217;efficacit\u00e9.[\/vc_toggle][wgl_spacing spacer_size=&#8221;30px&#8221; screen_desktops=&#8221;992&#8243; responsive_desktop=&#8221;true&#8221; size_desktops=&#8221;60&#8243;][\/vc_column][vc_column width=&#8221;1\/2&#8243; el_class=&#8221;box-shadow&#8221; css=&#8221;.vc_custom_1543501088559{padding-top: 0px !important;padding-right: 40px !important;padding-left: 40px !important;background-color: #ffffff !important;}&#8221; offset=&#8221;vc_col-lg-offset-1 vc_col-lg-4 vc_col-md-offset-0 vc_col-md-5 vc_col-sm-offset-3&#8243;][wgl_spacing spacer_size=&#8221;40px&#8221;][wgl_custom_text font_size=&#8221;24&#8243; line_height=&#8221;40&#8243;]\n<h5 style=\"text-align: center;\"><span style=\"font-weight: bold;\" class=\"custom-weight\">Nous contacter\u00a0<\/span><\/h5>\n[\/wgl_custom_text][wgl_spacing spacer_size=&#8221;22&#8243;][vc_column_text]\n<div class=\"wpcf7 no-js\" id=\"wpcf7-f316-o1\" lang=\"en-US\" dir=\"ltr\">\n<div class=\"screen-reader-response\"><p role=\"status\" aria-live=\"polite\" aria-atomic=\"true\"><\/p> <ul><\/ul><\/div>\n<form action=\"\/index.php?rest_route=%2Fwp%2Fv2%2Fpages%2F673#wpcf7-f316-o1\" method=\"post\" class=\"wpcf7-form init\" aria-label=\"Contact form\" novalidate=\"novalidate\" data-status=\"init\">\n<div style=\"display: none;\">\n<input type=\"hidden\" name=\"_wpcf7\" value=\"316\" \/>\n<input type=\"hidden\" name=\"_wpcf7_version\" value=\"5.9.3\" \/>\n<input type=\"hidden\" name=\"_wpcf7_locale\" value=\"en_US\" \/>\n<input type=\"hidden\" name=\"_wpcf7_unit_tag\" value=\"wpcf7-f316-o1\" \/>\n<input type=\"hidden\" name=\"_wpcf7_container_post\" value=\"0\" \/>\n<input type=\"hidden\" name=\"_wpcf7_posted_data_hash\" value=\"\" \/>\n<\/div>\n<div class='row submit_fw'>\n\t<div class='wgl_col-12'>\n\t\t<p><span class=\"wpcf7-form-control-wrap\" data-name=\"text-759\"><input size=\"40\" class=\"wpcf7-form-control wpcf7-text\" aria-invalid=\"false\" placeholder=\"Nom *\" value=\"\" type=\"text\" name=\"text-759\" \/><\/span>\n\t\t<\/p>\n\t<\/div>\n\t<div class='wgl_col-12'>\n\t\t<p><span class=\"wpcf7-form-control-wrap\" data-name=\"email-613\"><input size=\"40\" class=\"wpcf7-form-control wpcf7-email wpcf7-text wpcf7-validates-as-email\" aria-invalid=\"false\" placeholder=\"Email *\" value=\"\" type=\"email\" name=\"email-613\" \/><\/span>\n\t\t<\/p>\n\t<\/div>\n\t<div class='wgl_col-12'>\n\t\t<p><span class=\"wpcf7-form-control-wrap\" data-name=\"text-759\"><input size=\"40\" class=\"wpcf7-form-control wpcf7-text\" aria-invalid=\"false\" placeholder=\"t\u00e9l\u00e9phone *\" value=\"\" type=\"text\" name=\"text-759\" \/><\/span>\n\t\t<\/p>\n\t<\/div>\n\t<div class='wgl_col-12'>\n\t\t<p><span class=\"wpcf7-form-control-wrap\" data-name=\"email-613\"><input size=\"40\" class=\"wpcf7-form-control wpcf7-email wpcf7-text wpcf7-validates-as-email\" aria-invalid=\"false\" placeholder=\"Site Web *\" value=\"\" type=\"email\" name=\"email-613\" \/><\/span>\n\t\t<\/p>\n\t<\/div>\n\t<div class='wgl_col-12'>\n\t\t<p><span class=\"wpcf7-form-control-wrap\" data-name=\"text-789\"><input size=\"40\" class=\"wpcf7-form-control wpcf7-text\" aria-invalid=\"false\" placeholder=\"Nom Soci\u00e9t\u00e9 *\" value=\"\" type=\"text\" name=\"text-789\" \/><\/span>\n\t\t<\/p>\n\t<\/div>\n<\/div>\n<p><input class=\"wpcf7-form-control wpcf7-submit has-spinner\" type=\"submit\" value=\"Envoyer la demande\" \/>\n<\/p><div class=\"wpcf7-response-output\" aria-hidden=\"true\"><\/div>\n<\/form>\n<\/div>\n[\/vc_column_text][wgl_spacing spacer_size=&#8221;5&#8243;][\/vc_column][vc_column][wgl_spacing spacer_size=&#8221;70px&#8221; screen_tablet=&#8221;768&#8243; responsive_tablet=&#8221;true&#8221; size_tablet=&#8221;75&#8243;][\/vc_column][\/vc_row]\n<\/div>","protected":false},"excerpt":{"rendered":"<p>[vc_row z_index=&#8221;2&#8243; add_extended=&#8221;true&#8221; values=&#8221;%5B%7B%22extended_animation%22%3A%22parallax%22%2C%22figure_color%22%3A%22%23ffffff%22%2C%22drop_colors%22%3A%22one_color%22%2C%22part_color%22%3A%22%23ff7e00%22%2C%22part_color_1%22%3A%22%23ff7e00%22%2C%22part_color_2%22%3A%22%233224e9%22%2C%22part_color_3%22%3A%22%2369e9f2%22%2C%22extended_animation_pos_vertical%22%3A%2250%22%2C%22extended_animation_pos_horizont%22%3A%2250%22%2C%22sphere_width%22%3A%22100%22%2C%22particles_number%22%3A%2250%22%2C%22particles_size%22%3A%2210%22%2C%22particles_speed%22%3A%222%22%2C%22hover_anim%22%3A%22grab%22%2C%22image_bg%22%3A%22717%22%2C%22parallax_dir%22%3A%22vertical%22%2C%22parallax_factor%22%3A%220.2%22%2C%22particles_position_top%22%3A%2280%22%2C%22particles_position_left%22%3A%2280%22%2C%22particles_width%22%3A%22100%22%2C%22particles_height%22%3A%22100%22%7D%2C%7B%22extended_animation%22%3A%22parallax%22%2C%22figure_color%22%3A%22%23ffffff%22%2C%22drop_colors%22%3A%22one_color%22%2C%22part_color%22%3A%22%23ff7e00%22%2C%22part_color_1%22%3A%22%23ff7e00%22%2C%22part_color_2%22%3A%22%233224e9%22%2C%22part_color_3%22%3A%22%2369e9f2%22%2C%22extended_animation_pos_vertical%22%3A%2250%22%2C%22extended_animation_pos_horizont%22%3A%2250%22%2C%22sphere_width%22%3A%22100%22%2C%22particles_number%22%3A%2250%22%2C%22particles_size%22%3A%2210%22%2C%22particles_speed%22%3A%222%22%2C%22hover_anim%22%3A%22grab%22%2C%22image_bg%22%3A%22290%22%2C%22parallax_dir%22%3A%22vertical%22%2C%22parallax_factor%22%3A%220.3%22%2C%22particles_position_top%22%3A%22102%22%2C%22particles_position_left%22%3A%2298%22%2C%22particles_width%22%3A%22100%22%2C%22particles_height%22%3A%22100%22%7D%5D&#8221;][vc_column offset=&#8221;vc_col-md-7&#8243;][wgl_double_headings title_color=&#8221;#252525&#8243; subtitle_color=&#8221;#FF7D00&#8243; title=&#8221;Questions les plus populaires&#8221; responsive_font=&#8221;true&#8221; font_size_mobile=&#8221;33&#8243;][wgl_spacing spacer_size=&#8221;21px&#8221;][vc_toggle title=&#8221;1. Comment puis-je commencer avec GoDia ?&#8221; color=&#8221;plus&#8221; size=&#8221;right&#8221; open=&#8221;true&#8221;]R : Pour d\u00e9marrer, contactez-nous via notre site web ou par t\u00e9l\u00e9phone. Nous \u00e9valuerons vos besoins sp\u00e9cifiques et vous proposerons une solution sur mesure pour optimiser votre marketing digital et votre fid\u00e9lisation [&hellip;]<\/p>\n","protected":false},"author":1,"featured_media":0,"parent":0,"menu_order":0,"comment_status":"closed","ping_status":"closed","template":"","meta":{"footnotes":""},"jetpack_sharing_enabled":true,"_links":{"self":[{"href":"https:\/\/godia360.com\/index.php?rest_route=\/wp\/v2\/pages\/673"}],"collection":[{"href":"https:\/\/godia360.com\/index.php?rest_route=\/wp\/v2\/pages"}],"about":[{"href":"https:\/\/godia360.com\/index.php?rest_route=\/wp\/v2\/types\/page"}],"author":[{"embeddable":true,"href":"https:\/\/godia360.com\/index.php?rest_route=\/wp\/v2\/users\/1"}],"replies":[{"embeddable":true,"href":"https:\/\/godia360.com\/index.php?rest_route=%2Fwp%2Fv2%2Fcomments&post=673"}],"version-history":[{"count":5,"href":"https:\/\/godia360.com\/index.php?rest_route=\/wp\/v2\/pages\/673\/revisions"}],"predecessor-version":[{"id":2249,"href":"https:\/\/godia360.com\/index.php?rest_route=\/wp\/v2\/pages\/673\/revisions\/2249"}],"wp:attachment":[{"href":"https:\/\/godia360.com\/index.php?rest_route=%2Fwp%2Fv2%2Fmedia&parent=673"}],"curies":[{"name":"wp","href":"https:\/\/api.w.org\/{rel}","templated":true}]}}